6?
505
Calculate the remainder when 23046679 is divided by 14.
5
What is the remainder when 43846506 is divided by 49996?
14
What is the remainder when 8033788 is divided by 422826?
94
What is the remainder when 538241 is divided by 3147?
104
Calculate the remainder when 27761048 is divided by 26264.
0
What is the remainder when 804103 is divided by 3046?
3005
What is the remainder when 1038797 is divided by 282?
191
Calculate the remainder when 201425288 is divided by 326.
320
Calculate the remainder when 17675855 is divided by 376082.
1
Calculate the remainder when 4733416 is divided by 70.
16
Calculate the remainder when 36861610 is divided by 18.
4
What is the remainder when 1788672 is divided by 148979?
924
What is the remainder when 1791254 is divided by 2279?
2239
What is the remainder when 60702 is divided by 1398?
588
Calculate the remainder when 280772 is divided by 1205.
7
What is the remainder when 3869621 is divided by 4996?
2717
Calculate the remainder when 7773 is divided by 2320.
813
What is the remainder when 28115772 is divided by 45?
42
What is the remainder when 1436362 is divided by 290?
282
Calculate the remainder when 303583 is divided by 261.
40
What is the remainder when 26910651 is divided by 164?
55
What is the remainder when 28984 is divided by 6783?
1852
Calculate the remainder when 845140 is divided by 8453.
8293
What is the remainder when 14961987 is divided by 189?
180
What is the remainder when 516823 is divided by 4193?
1084
Calculate the remainder when 11812390 is divided by 8835.
8830
Calculate the remainder when 21847596 is divided by 10923789.
18
What is the remainder when 23520207 is divided by 178?
177
Calculate the remainder when 220422 is divided by 7578.
660
Calculate the remainder when 640931 is divided by 29132.
27
Calculate the remainder when 522133 is divided by 647.
4
What is the remainder when 3132268 is divided by 313226?
8
Calculate the remainder when 1828373 is divided by 130498.
1401
What is the remainder when 15806747 is divided by 198?
11
What is the remainder when 70854463 is divided by 944726?
13
What is the remainder when 37563518 is divided by 1977026?
24
Calculate the remainder when 9871198 is divided by 80.
78
What is the remainder when 102946098 is divided by 4850?
4848
Calculate the remainder when 20682 is divided by 163.
144
Calculate the remainder when 31939 is divided by 4.
3
What is the remainder when 5853789 is divided by 27743?
16
What is the remainder when 97822 is divided by 32543?
193
Calculate the remainder when 1306479 is divided by 3148.
59
What is the remainder when 22036 is divided by 10671?
694
What is the remainder when 183194 is divided by 2927?
1720
What is the remainder when 27456805 is divided by 3922399?
12
Calculate the remainder when 815842 is divided by 203807.
614
What is the remainder when 95071 is divided by 19001?
66
What is the remainder when 407058 is divided by 4075?
3633
Calculate the remainder when 139931 is divided by 3578.
389
Calculate the remainder when 6034 is divided by 683.
570
Calculate the remainder when 8517874 is divided by 274770.
4
What is the remainder when 1834552 is divided by 611515?
7
What is the remainder when 1179221946 is divided by 545?
541
What is the remainder when 212876 is divided by 65?
1
Calculate the remainder when 77544 is divided by 34608.
8328
Calculate the remainder when 1722080 is divided by 15.
5
What is the remainder when 4484041 is divided by 28?
9
What is the remainder when 316544 is divided by 13?
7
Calculate the remainder when 22785000 is divided by 428.
420
Calculate the remainder when 2357750 is divided by 2918.
6
Calculate the remainder when 15790 is divided by 2458.
1042
What is the remainder when 1272897 is divided by 423927?
1116
Calculate the remainder when 829123 is divided by 59223.
1
Calculate the remainder when 1181967607 is divided by 184.
183
Calculate the remainder when 699016 is divided by 4093.
3206
Calculate the remainder when 3400234 is divided by 511.
40
Calculate the remainder when 581662 is divided by 508.
2
Calculate the remainder when 16626624 is divided by 20.
4
What is the remainder when 939548 is divided by 117439?
36
What is the remainder when 125185786 is divided by 59?
58
What is the remainder when 3917327 is divided by 30?
17
Calculate the remainder when 1368231 is divided by 1214.
53
Calculate the remainder when 441422 is divided by 1177.
47
What is the remainder when 875315 is divided by 6336?
947
What is the remainder when 83112 is divided by 7480?
832
Calculate the remainder when 191459 is divided by 95669.
121
What is the remainder when 56083365 is divided by 12?
9
Calculate the remainder when 1902895 is divided by 399.
64
What is the remainder when 148326 is divided by 6727?
332
What is the remainder when 34288 is divided by 4489?
2865
Calculate the remainder when 4708406 is divided by 43.
35
What is the remainder when 1172895 is divided by 46915?
20
What is the remainder when 356971 is divided by 59492?
19
What is the remainder when 4247166 is divided by 3300?
66
What is the remainder when 1301250419 is divided by 1860?
1859
Calculate the remainder when 18895 is divided by 1.
0
Calculate the remainder when 4649824 is divided by 498.
496
Calculate the remainder when 20901915 is divided by 178.
87
What is the remainder when 458198 is divided by 76227?
836
Calculate the remainder when 130757 is divided by 130065.
692
Calculate the remainder when 190919654 is divided by 77.
2
What is the remainder when 709239 is divided by 10?
9
What is the remainder when 725805 is divided by 4393?
960
What is the remainder when 34329 is divided by 16157?
2015
Calculate the remainder when 53602 is divided by 2160.
1762
Calculate the remainder when 7304 is divided by 7180.
124
What is the remainder when 534600 is divided by 534587?
13
Calculate the remainder when 4899834 is divided by 1886.
6
What is the remainder when 122594176 is divided by 1447?
1442
What is the remainder when 571273 is divided by 19699?
2
What is the remainder when 39323 is divided by 17614?
4095
What is the remainder when 542399 is divided by 1010?
29
Calculate the remainder when 1007602 is divided by 10076.
2
Calculate the remainder when 22025 is divided by 7306.
107
Calculate the remainder when 11704470 is divided by 77.
8
What is the remainder when 374762 is divided by 16269?
575
What is the remainder when 537603 is divided by 1150?
553
Calculate the remainder when 1080318 is divided by 358043.
6189
What is the remainder when 682974 is divided by 82?
78
Calculate the remainder when 494399 is divided by 23.
14
Calculate the remainder when 989059 is divided by 539.
533
What is the remainder when 189100 is divided by 184520?
4580
What is the remainder when 9132613 is divided by 11?
6
What is the remainder when 18557406 is divided by 873?
45
What is the remainder when 12032 is divided by 11754?
278
Calculate the remainder when 7494987 is divided by 557.
552
What is the remainder when 99073 is divided by 2749?
109
Calculate the remainder when 27261 is divided by 5871.
3777
What is the remainder when 39726 is divided by 4514?
3614
Calculate the remainder when 1710062 is divided by 7880.
102
Calculate the remainder when 7166 is divided by 29.
3
Calculate the remainder when 118125 is divided by 84.
21
What is the remainder when 836378 is divided by 28838?
76
What is the remainder when 21771456 is divided by 16296?
0
What is the remainder when 6878422 is divided by 392?
390
What is the remainder when 116162 is divided by 82?
50
Calculate the remainder when 278727 is divided by 30.
27
What is the remainder when 696938 is divided by 63357?
11
What is the remainder when 1389831 is divided by 694910?
11
Calculate the remainder when 3494432 is divided by 10400.
32
Calculate the remainder when 5722149 is divided by 104039.
4
Calculate the remainder when 12578 is divided by 1532.
322
Calculate the remainder when 83672752 is divided by 473.
471
What is the remainder when 989985 is divided by 320?
225
Calculate the remainder when 365164 is divided by 365163.
1
Calculate the remainder when 6947444 is divided by 48.
20
What is the remainder when 6566786 is divided by 4340?
366
What is the remainder when 2667568 is divided by 32138?
114